 + 1. Let a be u(-5). Let r be 4 - (-2)/3*3. Suppose -r*z + 55 = -z. Calculate the highest common divisor of z and a.
11
Let u be (-5)/(2 + -7) - 12/(-2). Let q = 38 + -17. Calculate the greatest common factor of u and q.
7
Let x = 53 + -38. Let l be (-3)/(-2)*(-1 + 11). Let z be (-6)/l - (-34)/10. What is the highest common factor of z and x?
3
Let w(a) = 112*a**2 - 2*a + 2*a. Suppose -4*b + 4 = 8. Let x be w(b). Calculate the highest common factor of 14 and x.
14
Suppose -15*x + 252 = 13*x. Calculate the highest common divisor of x and 27.
9
Let m = 52 + -32. Let s be ((-30)/3)/((-2)/m). Suppose 0 = -5*w + 37 + 63. What is the greatest common divisor of s and w?
20
Let v(j) = 8*j - 31. Let a be v(7). Calculate the highest common factor of 100 and a.
25
Suppose 0 = 7*w - 2*w - 150. Calculate the highest common divisor of w and 20.
10
Let d(r) = 2*r**2 + 6*r + 3. Let p be d(-6). Let x = p - 3. Calculate the highest common factor of 4 and x.
4
Let b = 17 + -2. Let o = -193 + 328. Calculate the highest common factor of b and o.
15
Suppose 2*h = -w, -4*w - 4*h - 11 = -3. Let l = 0 - w. What is the highest common divisor of 16 and l?
4
Let o be 1*-123*(-2)/6. Suppose 3*w = 326 - o. Let p be (57/12)/(2/8). Calculate the highest common factor of w and p.
19
Suppose 3 + 2 = j. Suppose j*a - 3*a + 4 = 4*y, -y + 8 = 3*a. What is the greatest common divisor of 8 and y?
2
Suppose -r + 10 = -3*r + 5*p, -r + 1 = -p. Let h = 16 + r. What is the highest common factor of 14 and h?
7
Let z = 49 - -71. Calculate the highest common factor of z and 30.
30
Let h(o) = -o**3 + 3*o**2 + o. Let c = -13 - -28. Suppose 0*t + c = 5*t. Let p be h(t). What is the greatest common divisor of 24 and p?
3
Let g be (29/3)/(3/9). Let m = g + -21. What is the highest common divisor of 24 and m?
8
Suppose 4*h - 180 = 3*h. Calculate the greatest common factor of 18 and h.
18
Let k = -11 - -19. Calculate the highest common factor of k and 1.
1
Let i = -42 + 74. Suppose -8 = 2*m + 4. Let w(z) = -z**2 - 8*z - 4. Let p be w(m). What is the highest common factor of p and i?
8
Let w = 5 + 0. Calculate the highest common factor of w and 3.
1
Suppose 2*q = 4 + 2. Suppose 0 = -2*x + q*w + 66, 4*x - 133 + 1 = -4*w. Let u be 1/(-2)*(2 + -8). What is the greatest common factor of u and x?
3
Suppose 4*a - 2*f = 40, -f = a + f - 20. Suppose 0*b + 2*o + 142 = 3*b, -5*o = 5*b - 245. What is the highest common divisor of b and a?
12
Let a = 11 + 17. Let o be (4 - 2)*a/2. Calculate the highest common factor of o and 4.
4
Let i = 13 + 7. Let y be (168/i)/3*5. What is the greatest common divisor of 154 and y?
14
Let x be 5330/18 + 19/(-171). What is the greatest common divisor of x and 37?
37
Let n = -1 + 0. Let u be -3*(n + -42) - 1. Suppose 2*x - 226 = 3*w - 7*w, 0 = -2*w - 4*x + u. What is the greatest common divisor of w and 6?
6
Let r(q) = -q**3 + 8*q**2 - 9*q - 2. Let i be r(5). Calculate the greatest common divisor of 140 and i.
28
Let p(u) = -u**3 + 16*u**2 + 3*u - 20. Let r be p(16). Calculate the highest common factor of r and 70.
14
Let y(c) = 2*c**2 + 17*c + 19. Let z be y(-13). Calculate the highest common factor of 34 and z.
34
Suppose -j - 3*j + 40 = 0. Calculate the greatest common divisor of j and 50.
10
Suppose -3*d = -7 - 2. Suppose -2*c = d*c - 180. Calculate the highest common divisor of 4 and c.
4
Let g be 15/(-12) + 165/4. Calculate the highest common factor of g and 60.
20
Let j(i) = i**2 + 6*i - 3. Let x be j(-6). Let t(u) = 4*u**2 - 2*u + 4. Let q be t(x). Suppose 3*n - 5 = q. Calculate the greatest common divisor of 34 and n.
17
Let i(f) = -f**2 - 20*f - 11. Let t be i(-13). What is the greatest common divisor of t and 32?
16
Suppose 4*h - 21 - 23 = 5*d, 0 = 5*d. Let q be 0 + 0 + (2 - 1). Calculate the greatest common divisor of h and q.
1
Suppose -2*q = -37 + 5. Suppose -k - 5*z - 25 = -3*k, -3*k + z + 5 = 0. Suppose -5*g - 17 + 97 = k. What is the greatest common divisor of q and g?
16
Let y(t) = t**3 - 11*t**2 - t + 11. Let j be y(11). Suppose -i = -j*i - 8. Let a be 14 + -3*4/6. Calculate the highest common factor of i and a.
4
Let f(g) = 2*g**2 + 2*g + 14. Let q be f(4). What is the highest common divisor of q and 81?
27
Let w = -6 - -9. Suppose 0*b + w*b = 18. Suppose 0 = u - 5 - 1. What is the highest common factor of b and u?
6
Suppose f - 3 = -1. Suppose -3 = -g - f*g. Let d be ((-6)/18)/(1/(-12)). What is the greatest common divisor of d and g?
1
Let t(k) = 34*k - 37. Let p be t(15). Calculate the greatest common divisor of 43 and p.
43
Let y be (-7)/(-4) + 2/8. Suppose -3*j + 2*f + 8 = 0, -y*j - 2*f = -3*j + 8. Let b be -12 + 9 + (j - -18). What is the highest common factor of 135 and b?
15
Suppose -7*h = -8*h. Suppose -13 - 24 = -o - 5*j, h = -4*o + 3*j + 33. Calculate the greatest common divisor of 6 and o.
6
Let m = 6 + 0. What is the highest common factor of 12 and m?
6
Suppose -a + 17 = 4*k, 21 = 3*a + 4*k - 7*k. Suppose 0 = -f - a + 43. Calculate the greatest common divisor of f and 51.
17
Let f be 6/10 + 3042/30. What is the highest common divisor of 68 and f?
34
Let c = 90 + -82. Calculate the highest common divisor of c and 88.
8
Let s = -6 - -5. Let d be (25 + 1 - 3) + s. What is the highest common factor of d and 33?
11
Let d = -16 + 34. Let f(c) = 2*c - 9. Let l be f(6). Suppose j - l*j = -d. What is the greatest common factor of 9 and j?
9
Suppose 0 = -2*z - 2*j + 22, -2*z + j + 22 = -j. Calculate the greatest common divisor of z and 22.
11
Let d(t) = 2*t**3 - 5*t**2 + t + 2. Let m be d(3). What is the highest common divisor of m and 112?
14
Let f be (-6)/27 - (-344)/9. Suppose -2*b + 73 - 5 = 0. Suppose -2*k - m = -b, -m - 5 + 1 = 0. What is the greatest common factor of k and f?
19
Suppose 2*o - 10 = 0, 5*d - 425 = 4*o - o. Let v(p) = -p**3 + 19*p**2 - 18*p + 8. Let c be v(18). Calculate the greatest common divisor of c and d.
8
Suppose -2*i + 3*f + 13 = 0, 0 = -0*f - 4*f + 12. Calculate the greatest common factor of i and 55.
11
Let j be ((-14)/(-3))/(20/30). Let r(f) = 78*f - 1. Let b be r(1). What is the greatest common divisor of j and b?
7
Suppose -2*s = -0*s - 4, 4*n - 12 = -4*s. Suppose n - 7 = -c. Suppose 24 = c*f - 3*f. What is the greatest common divisor of 32 and f?
8
Let t(p) = p + 16. Let r be t(0). Let u = -5 + r. What is the highest common divisor of u and 22?
11
Let l = 16 + -9. Suppose -l*g - 110 = -2*g. Let s be (-238)/g + (-6)/(-33). What is the greatest common divisor of s and 99?
11
Suppose 0 = 4*i - 93 + 29. What is the highest common factor of i and 8?
8
Let n be (-151)/(-5) + 2/(-10). Suppose -c - 23 + 28 = 0. Calculate the highest common divisor of c and n.
5
Suppose 4*c + 264 = 7*c. Calculate the greatest common factor of c and 22.
22
Suppose 135 = 4*w - 6*k + 3*k, 5*k = -2*w + 87. Let i = w + -21. Let r(x) = 7*x**2 + 4*x + 7. Let h be r(4). What is the greatest common divisor of i and h?
15
Let d be (-2)/(-3) + (-60)/(-18). Suppose -f = -d*i + 1, 5*i = -0*f + 3*f - 4. Calculate the greatest common divisor of f and 6.
3
Let r = -6 - -94. What is the highest common divisor of r and 11?
11
Let t(n) = 7*n - 1. Let y be ((-8)/(-10))/((-4)/(-10)). Let u be t(y). Calculate the greatest common factor of u and 26.
13
Suppose -i + 5*d = -2 - 10, 0 = 2*i + 5*d + 6. Suppose 3*r - 25 = -i*r. What is the greatest common divisor of r and 5?
5
Let m be 19/5 - 3/(-15). Let l = -2 + m. Calculate the greatest common factor of l and 8.
2
Suppose 4*t - 3*x - 2*x - 321 = 0, 2*t - 171 = -x. Calculate the greatest common factor of 21 and t.
21
Let l(h) = -3*h**3 + 6*h**2 - 3*h - 1. Let t be l(4). Let r = -32 - t. Suppose 11*i - 6*i = 55. What is the greatest common factor of r and i?
11
Let y(b) = -8*b - 6. Let c be y(-5). Let i(q) = -12*q**3 - 3*q**2 - 2*q - 3. Let o be i(-2). Calculate the greatest common divisor of c and o.
17
Suppose 3*t - 2*t - 5 = 0. Suppose -t*q + 3 = -2*q. Suppose 0*b - 24 = -4*b + 5*v, 5*b = 5*v + 35. Calculate the highest common divisor of b and q.
1
Let i = -53 - -77. What is the highest common factor of 8 and i?
8
Suppose 3*r = -3*b + 42, -4*b + 2*b + 4 = 0. Suppose 8 = 5*j - r. What is the greatest common divisor of j and 4?
4
Let v(r) = -3*r - 13. Let c be v(-7). Calculate the highest common divisor of 32 and c